{"id":275,"date":"2007-07-15T15:43:59","date_gmt":"2007-07-15T14:43:59","guid":{"rendered":"http:\/\/www.collet-matrat.com\/?page_id=275"},"modified":"2007-07-15T16:00:50","modified_gmt":"2007-07-15T15:00:50","slug":"punta-cana","status":"publish","type":"page","link":"https:\/\/www.collet-matrat.com\/?page_id=275","title":{"rendered":"Punta Cana"},"content":{"rendered":"<p align=\"justify\">Vous trouverez sur cette page quelques photos r\u00e9alis\u00e9es lors de notre s\u00e9jour au sein de l'h\u00f4tel \"<em>Grand Oasis Punta Cana - groupe Globalia<\/em>\" (ex. <em>Punta Cana Grand<\/em>). Nous avons s\u00e9journ\u00e9 \u00e0 Punta Cana entre le 4 et le 10 juillet 2007.<\/p>\n<p align=\"justify\">Pour essayer de vous fournir une critique objective, je dirais que l'h\u00f4tel nous a donn\u00e9 enti\u00e8re satisfaction (propret\u00e9, nourriture, emplacement...  avec un petit b\u00e9mol toutefois pour la v\u00e9tust\u00e9 des sanitaires ...)<\/p>\n<p align=\"justify\">Si vous d\u00e9sirez d'autres renseignement sur cet h\u00f4tel, n'h\u00e9sitez pas \u00e0 me contacter au travers du choix \"<a href=\"http:\/\/www.collet-matrat.com\/?page_id=97\" target=\"_blank\"><em>Pour me contacter<\/em><\/a>\" disponible au sein du menu lat\u00e9ral du blog.<\/p>\n<p align=\"justify\">Vous pouvez \u00e9galement acc\u00e9der directement \u00e0 la galerie photos en cliquant <a href=\"http:\/\/picasaweb.google.com\/xaviercm\/PuntaCanaGrandOasisGlobalia\" target=\"_blank\">ICI<\/a><\/p>\n<p align=\"justify\">&nbsp;<\/p>\n<p align=\"justify\">&nbsp;<\/p>\n<p align=\"justify\">&nbsp;<\/p>\n","protected":false},"excerpt":{"rendered":"<p>Vous trouverez sur cette page quelques photos r\u00e9alis\u00e9es lors de notre s\u00e9jour au sein de l'h\u00f4tel \"Grand Oasis Punta Cana - groupe Globalia\" (ex. Punta Cana Grand). Nous avons s\u00e9journ\u00e9 \u00e0 Punta Cana entre le 4 et le 10 juillet &hellip; <a href=\"https:\/\/www.collet-matrat.com\/?page_id=275\">Lire la suite <span class=\"meta-nav\">&rarr;<\/span><\/a><\/p>\n","protected":false},"author":1,"featured_media":0,"parent":0,"menu_order":0,"comment_status":"open","ping_status":"closed","template":"","meta":{"jetpack_post_was_ever_published":false,"footnotes":""},"class_list":["post-275","page","type-page","status-publish","hentry"],"jetpack_sharing_enabled":true,"jetpack_likes_enabled":true,"_links":{"self":[{"href":"https:\/\/www.collet-matrat.com\/index.php?rest_route=\/wp\/v2\/pages\/275"}],"collection":[{"href":"https:\/\/www.collet-matrat.com\/index.php?rest_route=\/wp\/v2\/pages"}],"about":[{"href":"https:\/\/www.collet-matrat.com\/index.php?rest_route=\/wp\/v2\/types\/page"}],"author":[{"embeddable":true,"href":"https:\/\/www.collet-matrat.com\/index.php?rest_route=\/wp\/v2\/users\/1"}],"replies":[{"embeddable":true,"href":"https:\/\/www.collet-matrat.com\/index.php?rest_route=%2Fwp%2Fv2%2Fcomments&post=275"}],"version-history":[{"count":0,"href":"https:\/\/www.collet-matrat.com\/index.php?rest_route=\/wp\/v2\/pages\/275\/revisions"}],"wp:attachment":[{"href":"https:\/\/www.collet-matrat.com\/index.php?rest_route=%2Fwp%2Fv2%2Fmedia&parent=275"}],"curies":[{"name":"wp","href":"https:\/\/api.w.org\/{rel}","templated":true}]}}