{"id":747,"date":"2009-02-22T09:18:26","date_gmt":"2009-02-22T08:18:26","guid":{"rendered":"http:\/\/www.collet-matrat.com\/?page_id=747"},"modified":"2009-02-22T09:56:47","modified_gmt":"2009-02-22T08:56:47","slug":"le-guide-email","status":"publish","type":"page","link":"https:\/\/www.collet-matrat.com\/?page_id=747","title":{"rendered":"Le Guide &#8211; Email"},"content":{"rendered":"<p>\u221a Obtenir une adresse email jetable (autonome) ...<\/p>\n<p style=\"text-align: center;\"><a href=\"http:\/\/www.yopmail.com\/\" target=\"_blank\"><img data-recalc-dims=\"1\" loading=\"lazy\" decoding=\"async\" class=\"size-full wp-image-1005 aligncenter\" title=\"wwwyopmailcom\" src=\"https:\/\/i0.wp.com\/www.collet-matrat.com\/wp-content\/uploads\/2009\/02\/wwwyopmailcom.jpg?resize=202%2C152\" alt=\"wwwyopmailcom\" width=\"202\" height=\"152\" \/><\/a><a href=\"http:\/\/filzmail.com\/\" target=\"_blank\"><img data-recalc-dims=\"1\" loading=\"lazy\" decoding=\"async\" class=\"alignnone size-full wp-image-1006\" title=\"filzmailcom\" src=\"https:\/\/i0.wp.com\/www.collet-matrat.com\/wp-content\/uploads\/2009\/02\/filzmailcom.jpg?resize=202%2C152\" alt=\"filzmailcom\" width=\"202\" height=\"152\" \/><\/a><\/p>\n<p>\u221a Obtenir une adresse email jetable (renvoi) ...<\/p>\n<p style=\"text-align: center;\"><a href=\"http:\/\/jetable.org\/\" target=\"_blank\"><img data-recalc-dims=\"1\" loading=\"lazy\" decoding=\"async\" class=\"size-full wp-image-1007 aligncenter\" title=\"jetableorg\" src=\"https:\/\/i0.wp.com\/www.collet-matrat.com\/wp-content\/uploads\/2009\/02\/jetableorg.jpg?resize=202%2C152\" alt=\"jetableorg\" width=\"202\" height=\"152\" \/><\/a><\/p>\n<p>\u221a Obtenir une adresse email jetable (renvoi avec \"challenge\") ...<\/p>\n<p style=\"text-align: center;\"><a href=\"http:\/\/www.cortexmail.com\/\" target=\"_blank\"><img data-recalc-dims=\"1\" loading=\"lazy\" decoding=\"async\" class=\"size-full wp-image-1008 aligncenter\" title=\"wwwcortexmailcom\" src=\"https:\/\/i0.wp.com\/www.collet-matrat.com\/wp-content\/uploads\/2009\/02\/wwwcortexmailcom.jpg?resize=202%2C152\" alt=\"wwwcortexmailcom\" width=\"202\" height=\"152\" \/><\/a><\/p>\n<p>\u221a Prot\u00e9ger son adresse email sur son site web \/ blog ...<\/p>\n<p style=\"text-align: center;\"><a href=\"http:\/\/www.digipills.com\/cerbermail\/intro.php\" target=\"_blank\"><img data-recalc-dims=\"1\" loading=\"lazy\" decoding=\"async\" class=\"size-full wp-image-1009 aligncenter\" title=\"imageswebsnaprcom15\" src=\"https:\/\/i0.wp.com\/www.collet-matrat.com\/wp-content\/uploads\/2009\/02\/imageswebsnaprcom15.jpg?resize=202%2C152\" alt=\"imageswebsnaprcom15\" width=\"202\" height=\"152\" \/><\/a><\/p>\n<p>\u221a Envoyer rapidement des notes par email ...<\/p>\n<p style=\"text-align: center;\"><a href=\"http:\/\/www.note2email.com\/\" target=\"_blank\"><img data-recalc-dims=\"1\" loading=\"lazy\" decoding=\"async\" class=\"size-full wp-image-1010 aligncenter\" title=\"wwwnote2emailcom\" src=\"https:\/\/i0.wp.com\/www.collet-matrat.com\/wp-content\/uploads\/2009\/02\/wwwnote2emailcom.jpg?resize=202%2C152\" alt=\"wwwnote2emailcom\" width=\"202\" height=\"152\" \/><\/a><\/p>\n<p>\u221a Recevoir un \"m\u00e9mo\" par email \u00e0 une date et une heure pr\u00e9d\u00e9termin\u00e9es ...<\/p>\n<p style=\"text-align: center;\"><a href=\"http:\/\/www.forlater.net\/\" target=\"_blank\"><img data-recalc-dims=\"1\" loading=\"lazy\" decoding=\"async\" class=\"size-full wp-image-1011 aligncenter\" title=\"wwwforlaternet\" src=\"https:\/\/i0.wp.com\/www.collet-matrat.com\/wp-content\/uploads\/2009\/02\/wwwforlaternet.jpg?resize=202%2C152\" alt=\"wwwforlaternet\" width=\"202\" height=\"152\" \/><\/a><\/p>\n<p>\u221a Sauvegarder, archiver ses emails ...<\/p>\n<p style=\"text-align: center;\"><a href=\"http:\/\/www.mailstore.com\/en\/mailstore-home.aspx\" target=\"_blank\"><img data-recalc-dims=\"1\" loading=\"lazy\" decoding=\"async\" class=\"size-full wp-image-1012 aligncenter\" title=\"imageswebsnaprcom16\" src=\"https:\/\/i0.wp.com\/www.collet-matrat.com\/wp-content\/uploads\/2009\/02\/imageswebsnaprcom16.jpg?resize=202%2C152\" alt=\"imageswebsnaprcom16\" width=\"202\" height=\"152\" \/><\/a><\/p>\n","protected":false},"excerpt":{"rendered":"<p>\u221a Obtenir une adresse email jetable (autonome) ... \u221a Obtenir une adresse email jetable (renvoi) ... \u221a Obtenir une adresse email jetable (renvoi avec \"challenge\") ... \u221a Prot\u00e9ger son adresse email sur son site web \/ blog ... \u221a Envoyer &hellip; <a href=\"https:\/\/www.collet-matrat.com\/?page_id=747\">Lire la suite <span class=\"meta-nav\">&rarr;<\/span><\/a><\/p>\n","protected":false},"author":1,"featured_media":0,"parent":744,"menu_order":0,"comment_status":"closed","ping_status":"closed","template":"","meta":{"jetpack_post_was_ever_published":false,"footnotes":""},"class_list":["post-747","page","type-page","status-publish","hentry"],"jetpack_sharing_enabled":true,"jetpack_likes_enabled":true,"_links":{"self":[{"href":"https:\/\/www.collet-matrat.com\/index.php?rest_route=\/wp\/v2\/pages\/747"}],"collection":[{"href":"https:\/\/www.collet-matrat.com\/index.php?rest_route=\/wp\/v2\/pages"}],"about":[{"href":"https:\/\/www.collet-matrat.com\/index.php?rest_route=\/wp\/v2\/types\/page"}],"author":[{"embeddable":true,"href":"https:\/\/www.collet-matrat.com\/index.php?rest_route=\/wp\/v2\/users\/1"}],"replies":[{"embeddable":true,"href":"https:\/\/www.collet-matrat.com\/index.php?rest_route=%2Fwp%2Fv2%2Fcomments&post=747"}],"version-history":[{"count":10,"href":"https:\/\/www.collet-matrat.com\/index.php?rest_route=\/wp\/v2\/pages\/747\/revisions"}],"predecessor-version":[{"id":1018,"href":"https:\/\/www.collet-matrat.com\/index.php?rest_route=\/wp\/v2\/pages\/747\/revisions\/1018"}],"up":[{"embeddable":true,"href":"https:\/\/www.collet-matrat.com\/index.php?rest_route=\/wp\/v2\/pages\/744"}],"wp:attachment":[{"href":"https:\/\/www.collet-matrat.com\/index.php?rest_route=%2Fwp%2Fv2%2Fmedia&parent=747"}],"curies":[{"name":"wp","href":"https:\/\/api.w.org\/{rel}","templated":true}]}}